. Calculate the remainder when k(9) is divided by (-25)/2*2/(-1).
24
Suppose 147 = -6*o + 603. Suppose 72*l = o*l - 32. What is the remainder when 46 is divided by l?
6
Let w(r) = 2*r**3 - 10*r**2 + 10*r + 12. Let y be (1/3 - (-4)/6) + 5. Calculate the remainder when w(y) is divided by 21.
18
Let i = 95 + -48. Let f = -84 + 102. Calculate the remainder when i is divided by f.
11
Suppose 5*l - 444 = -4*u + 2508, -717 = -u + 4*l. Calculate the remainder when u is divided by 35.
33
Let p(m) = -2*m**2 + 6*m + 3. Let l be p(3). Suppose -l*j + 7 + 14 = 0. Let u(a) = 7*a - 1. What is the remainder when u(3) is divided by j?
6
Let i = -595 - 155. What is the remainder when (-8)/(-6) + i/(-45) is divided by 5?
3
Let m(b) be the first derivative of -b**4/4 - 2*b**3/3 - b**2/2 + 3*b - 2. What is the remainder when m(-2) is divided by 4?
1
Let l be (-8)/52 - (-106)/13. Let h be (44/l)/(1/4). Let a = h - 12. What is the remainder when 37 is divided by a?
7
Let j = 320 - 318. Calculate the remainder when 78 is divided by j.
0
Let s(m) = -2*m + 28. Let v be s(11). Suppose v*h = 10*h - 332. What is the remainder when h is divided by 17?
15
Let s be (3580/(-16))/((-1)/16). Suppose -q = 4*d - 112, -2*d + 3*q = q - 46. What is the remainder when (s/35 - -5) + 2/(-7) is divided by d?
26
Suppose 10 + 140 = 6*w. Let z = 453 - 161. Suppose 4*j - z = -0*j. Calculate the remainder when j is divided by w.
23
Suppose 48*j = 15*j + 1419. Calculate the remainder when 253 is divided by j.
38
Let o be (-18)/(-8) + 3/4. Suppose 0 = 3*k - 3, -o*u - 5*k + 4 = -7. Suppose 13 = -u*f + 3*f. Calculate the remainder when 49 is divided by f.
10
Suppose 2*b - 25 = -3*b. Suppose -b*c + 3*c + 28 = 0. Let n(r) = 2*r**2 - r + 5. What is the remainder when n(-4) is divided by c?
13
Let l = -162 + 183. What is the remainder when 227 is divided by l?
17
Suppose 6*b - 110 = -872. Let o = b - -138. What is the remainder when 40 is divided by o?
7
Let r(y) be the third derivative of y**6/120 - y**4/24 + y**3/2 - y**2. Suppose 34*w - 29*w = 10. What is the remainder when 25 is divided by r(w)?
7
Suppose 0 = j - 3 - 15. Suppose -89 = -12*u - 15 + 310. Calculate the remainder when u is divided by j.
14
Suppose 14*g + 1375 - 3867 = 0. What is the remainder when g is divided by 45?
43
Let i = -768 - -1325. Calculate the remainder when i is divided by 9.
8
Calculate the remainder when 305 is divided by 28*-1*(-1 - 1 - -1).
25
Let b(h) = -14*h - 1. Suppose c - 5*c = -16. Suppose -4 - c = 4*u. What is the remainder when 105 is divided by b(u)?
24
Let r = 5562 - 3475. Calculate the remainder when r is divided by 116.
115
Suppose 3*x + 5*y = 36, -4*x + 49 - 1 = 5*y. Suppose -v + x = -0*v. Let f = v + 2. What is the remainder when 41 is divided by f?
13
Let b be 6/(((-18)/4)/(-3)). Let o = 6 - b. Suppose o*r = 10, 5*n + 5*r - 28 = 17. What is the remainder when 14 is divided by n?
2
Suppose 2*j = -j + 48. Let a = -14 + j. Suppose 30 = -0*q + 6*q. What is the remainder when q is divided by a?
1
Suppose 0 = 2*m - 170 - 32. Suppose -369 = -4*i - m. Let s(o) = -o**3 - o + 23. Calculate the remainder when i is divided by s(0).
21
Let s(j) = j**3 + 23*j**2 - 22*j + 94. What is the remainder when 153 is divided by s(-24)?
15
Let f = 28 - 12. Let i be (-2 - 2) + 115 + -3. Let l = i + -62. Calculate the remainder when l is divided by f.
14
Let d be 26/2*(-14)/7. What is the remainder when 3/((-6)/d) - -3 is divided by 3 + -6 + 3 + 6?
4
Let n be 210/15*(-5)/(-2). Let x = 5 - n. Let w = 33 + x. Calculate the remainder when w is divided by 2.
1
Suppose 459 = 4*v + 147. Calculate the remainder when v is divided by 10.
8
Let y = -1131 + 1153. Calculate the remainder when 119 is divided by y.
9
Let w(g) = g + 7. Let a be w(-5). Suppose 3*o + 9 = -5*h, 0*o + h + 7 = 2*o. Calculate the remainder when (a - -1) + 4/4 is divided by o.
0
Suppose 17*v - 24*v = -28. Suppose -4*j + 9 = 3*w, 2*w - v*j = 3 + 3. Let m(f) = -f**2 + 4*f - 1. What is the remainder when w is divided by m(3)?
1
Let t(l) = -l**2 + 7*l - 5. Let b be t(5). Suppose b*w - 64 + 19 = 0. Calculate the remainder when 2/((-2)/(-75)*3) is divided by w.
7
Let w be (-3 + 2)/1*-2. Suppose i - 1 = w*r - 11, 30 = -3*i + 4*r. Let t = 39 + i. Calculate the remainder when t is divided by 10.
9
Let i = 591 + -499. Calculate the remainder when i is divided by 10.
2
Suppose 5*y - 2*y - 27 = 0. Let o be 17/3 - 8/12. Let z = y - o. What is the remainder when 9 is divided by z?
1
Calculate the remainder when 494 is divided by (6/(-9))/(19/21 + -1).
4
Let j be (-10)/35 - 52/14. Calculate the remainder when 57 is divided by (-2 + -31)/(-3) - j.
12
Let q(g) = 2*g - 100 - 93 + 2*g**2 + 184. Calculate the remainder when q(3) is divided by 9.
6
Calculate the remainder when 687 is divided by 2/(-1) - (-3)/(-6)*-64.
27
Let p(v) = v - 3. Let h(d) = -d**3 + 10*d**2 + 10*d + 14. Suppose 33 = 11*g - 8*g. What is the remainder when h(g) is divided by p(5)?
1
Suppose -38*d + 34*d = 3*u - 119, 5*d - u = 163. Calculate the remainder when 108 is divided by d.
12
Let v(p) = p**2 + 15*p - 164. What is the remainder when (2 - 1)/((-1)/(-27)) is divided by v(-23)?
7
Suppose -5*y + 2*y + 3*b + 222 = 0, -2*y + 4*b + 156 = 0. Suppose 5*h - j - y = 0, -5*h + 3*j = j - 75. What is the remainder when 22 is divided by h?
9
Let v be 47*(3 + 0)/3. Let m = v - 81. Calculate the remainder when 67 is divided by (m*1)/(4 - 6).
16
Let f(k) = k**2 - 4*k - 3. What is the remainder when f(-5) is divided by -3 - 15/((-180)/168)?
9
Suppose -4*m - y = -4*y + 52, -4*m - 3*y - 52 = 0. Let j(d) = -d**2 - 12*d + 8. Let k be j(m). Let u = 25 + k. Calculate the remainder when 58 is divided by u.
18
Suppose 0 = 5*v + 5*n - 215, -3 = -7*n + 6*n. Calculate the remainder when v is divided by 38.
2
Suppose 4*h - p - 341 = 0, 0 = -5*h + 2*p + 221 + 203. Let v = -52 + 74. What is the remainder when h is divided by v?
20
Suppose 2 = 2*v - 4. Calculate the remainder when 123 is divided by ((-2)/4)/(1*v/(-192)).
27
Let k(p) = -133*p - 429. What is the remainder when k(-7) is divided by 42?
40
Suppose 17*x - 221 = 4*x. Calculate the remainder when 57 is divided by x.
6
Let i be (24 - -1)/(-11 + 12). Let w = 30 - i. Calculate the remainder when 5 is divided by w.
0
What is the remainder when 4 - (9/(-3) + 138/(-3)) is divided by 9?
8
Let y = -31 + 24. Let n(r) = r**2 + 2*r. What is the remainder when n(y) is divided by 9?
8
Suppose -6*a - 10 = -a, -4*j + 402 = 3*a. Let y = -73 + j. Calculate the remainder when y is divided by 8.
5
Let y be 4/((-2)/(-19) + 0). Let o = -25 + y. What is the remainder when 49 is divided by o?
10
What is the remainder when 300 is divided by (49 + 52)*(-1)/(-2)*2?
98
Suppose -5*u + 3*v + 97 = 0, -4*u + 3*v = -9*u + 73. Let k = -14 + 11. Let s = 8 + k. Calculate the remainder when u is divided by s.
2
Let u = 1515 - 1459. Calculate the remainder when 214 is divided by u.
46
Suppose 10 = -5*j - 0*j. Let u be (j - -14)*24/9. Suppose -y + 49 = -4*l, 2*y = -4*l + 30 + u. What is the remainder when y is divided by 10?
7
Let b = 445 + -358. Calculate the remainder when 173 is divided by b.
86
Suppose 16*o - 20*o = j - 301, -4*o + 271 = -5*j. What is the remainder when 286 is divided by o?
64
Let d = 5 + -5. Suppose 3*k = 15 - 3. Suppose -224 = -h - 3*h - k*l, h - 5*l - 86 = d. Calculate the remainder when h is divided by 16.
13
Let d(f) = f**2 + 4*f + 6. Let k be d(-4). Suppose -a + 5*a = 0. Suppose k*o - o - 70 = a. Calculate the remainder when 53 is divided by o.
11
Let a(u) = -6*u + 1 + u**2 + 0*u**2 + 4 + 14*u. What is the remainder when 16 is divided by a(-8)?
1
Let t(n) = 15*n. Suppose -4*c = 5*z - 41, 5*c + 3*z - 59 = -24. Calculate the remainder when t(1) is divided by c.
3
Let l(d) = -2*d**2 + 47*d - 89. Calculate the remainder when l(20) is divided by 9.
6
Let r(l) = -l**2 - 8*l - 6. Let f be r(-7). Let n be (f + -4)*70/(-15). Let k = n + 12. Calculate the remainder when k is divided by 9.
8
Calculate the remainder when (-115)/(-46)*4/(-40)*-3656 is divided by 61.
60
Let d(a) = -13*a**2 + 8*a + 3. Let q(k) = 3*k**2 - 2*k - 1. Let r(f) = 2*d(f) + 9*q(f). Let j = 850 - 828. Calculate the remainder when j is divided by r(4).
2
Let t = -179 + 201. Calculate the remainder when 107 is divided by t.
19
Let